 factors of 55*8/6*a?
2, 3, 5, 11
Let m(a) = 42*a + 28*a + 2*a + 31 + 32*a. List the prime factors of m(3).
7
Suppose 1 - 44 = w - 3*b, -5*b - 171 = 3*w. Let c be (-39)/w - 2/(-8). Let g = 41 + c. List the prime factors of g.
2, 3, 7
Let i = -29800 + 65987. What are the prime factors of i?
36187
Let z = -26 + 18. Let n(i) = 1604 - 13*i - 3203 + 1580. List the prime factors of n(z).
5, 17
Let d(a) = 12*a**2 - a + 16. Let i be d(4). Suppose -75*s + 73*s = -i. What are the prime factors of s?
2, 3, 17
Let v be (-9)/(-1) - (5 - 0). Suppose g = t + 346, -v*g + 2*t = -916 - 478. What are the prime factors of g?
3, 13
Suppose 0 = -3*h + 7*h - 20, -2*h = 4*l + 10. Let r be (-726)/(-15) - (0 - ((-6)/15 - 0)). What are the prime factors of (6/l + 0)*(-5440)/r?
2, 17
Let r be (430/15)/(-2)*-15. Suppose -4*u - 2*j + 994 = 0, 2*j + r = u - 21. What are the prime factors of u?
2, 3, 41
List the prime factors of (-3920)/21*(-10 + 11 + -4).
2, 5, 7
Let o be (-32)/8 - (3 + -2)*-6. Let r be (2/(-1) - -1)*(2 - o). Suppose 396 = 2*a + 4*h, r = -a - h - 2*h + 195. What are the prime factors of a?
2, 3, 17
Let j = -15655 + 27438. List the prime factors of j.
11783
Let m(j) = 9*j + 40. Let a be m(0). Suppose -a*p + 45*p - 110 = 0. What are the prime factors of p?
2, 11
Let k = -64 - -68. Let x(w) = 55*w - 92. List the prime factors of x(k).
2
Let f(l) be the third derivative of -l**4/6 + 3*l**2. Let j be f(-2). What are the prime factors of (-12)/(-1 + -1)*j?
2, 3
What are the prime factors of (11/(-44))/(1/3106)*-2?
1553
Suppose -3*t - 172 + 1573 = 0. Let p = t + -456. What are the prime factors of p?
11
Let w(u) = -3*u + 3. Let i be w(2). Let a be ((-36)/i)/((-12)/(-8)) + -1. Suppose 0 = -0*s - a*s + 588. List the prime factors of s.
2, 3, 7
Suppose -2181 = -3*l - 420. Let d(g) = g**2 + 13*g - 112. Let s be d(-28). Suppose -l = -5*c + s. What are the prime factors of c?
179
Let r(h) = -30*h**3 + 2*h**2 - 60*h - 293. What are the prime factors of r(-5)?
3, 47
Let t be ((-14)/5)/(7/315). Let l = t - -111. List the prime factors of -147*(l/(-25) + (-24)/15).
3, 7
Let r = -62858 + 106714. List the prime factors of r.
2, 2741
Let y be (44/(-154))/((-2)/14). Suppose -157 = -y*o + 543. List the prime factors of o.
2, 5, 7
Suppose -2*i - 102 = 5*a, -135 + 39 = 2*i + 2*a. Let y = i + 304. What are the prime factors of y?
2, 3, 43
Let d = 70658 + -3531. List the prime factors of d.
19, 3533
Suppose -5*s = 3*p - 145714, 0 = 5*s - 544*p + 548*p - 145722. What are the prime factors of s?
2, 17, 857
Suppose 19*v - 71558 = -14*v - 4*v. What are the prime factors of v?
2, 967
Suppose 0 = -8*r + 2269 - 429. Suppose b = -5*h + 422, -5*h - r + 644 = -3*b. Let f = h - 27. What are the prime factors of f?
3, 19
Let z(q) = q**2 - q - 8. Let y be z(4). Suppose t + 5 = y. What are the prime factors of t*1 + (-25)/(-1)?
2, 3
Let v(r) be the third derivative of 9*r**4 - 31*r**3/6 - 160*r**2. What are the prime factors of v(5)?
1049
Suppose -2*a + 28 = -5*w - 0*a, -3*w = 3*a. Let x(l) = 57*l**2 + 4*l - 1. Let z be x(w). Suppose 5*n + 90 - z = 0. List the prime factors of n.
7, 23
Let a be (2/6*0)/1. Suppose -11*s + 2116 + 1019 = a. What are the prime factors of s?
3, 5, 19
Suppose 0 = z - y - 10, -y - 12 = 2*y. Let w be ((-10)/z)/(1/(-3)). Suppose -w*a + o + 817 = 0, 3*a + 0*a - o = 491. List the prime factors of a.
163
Let k = 6 + -3. Suppose 5*s - 5688 = -4*j, 0 = -0*s + k*s - 2*j - 3404. Suppose v - z = 6*v - s, -1134 = -5*v + z. List the prime factors of v.
227
Suppose -3*t + 3*i = -124476, -1435*i + 1442*i = 3*t - 124468. What are the prime factors of t?
2, 20747
What are the prime factors of ((-6)/22 + 470/110)*4*2012?
2, 503
Let t be (-1926)/6 + (-4 - (0 - 1)). Let q = 581 + t. What are the prime factors of q?
257
Let c(a) = 4*a**2 + 4*a - 1. Let p be c(-3). Let m = 11 - p. What are the prime factors of ((8/(-2))/m)/((-5)/(-3090))?
2, 103
Suppose 5*n - 22 = 8. Suppose n = 8*u - 10. Suppose -5*l - 10 = 0, -59 = -s + u*l - l. List the prime factors of s.
3, 19
Let i(o) = o**3 - 18*o**2 - 28*o + 37. Let r be (-6)/27 - 728/(-36). List the prime factors of i(r).
277
Let v(l) = 25*l**2 + 356*l - 155. What are the prime factors of v(34)?
40849
Suppose -283*r - 50580 = -289*r. Suppose 16*u = 18*u - 10, 0 = 5*k + 3*u - r. What are the prime factors of k?
3, 11, 17
Let r = -118 - -126. Suppose -r*w + 4257 = -143. What are the prime factors of w?
2, 5, 11
Let h = -37749 + 87724. What are the prime factors of h?
5, 1999
Let l(b) = 1059*b**2 - 26*b - 121. What are the prime factors of l(-4)?
16927
Let w(t) = -10 - 5 + 14*t - 3*t - t**2 - 8. Let p be w(7). Suppose 11 = -p*n + 56. What are the prime factors of n?
3
Let s(m) = -m**2 + 2. Suppose -2*o + i - 5 = 0, 3*o + 2*i + 0*i = 3. Let y be s(o). What are the prime factors of 8*(-4 - (-7 + y))?
2
Let n = 3142 - -663. What are the prime factors of n?
5, 761
Let b be (-205073)/(-25) - (-76)/950. Suppose 407 + b = 14*m. List the prime factors of m.
3, 5, 41
What are the prime factors of (867/(-9))/((2184/10224)/(-91))?
2, 17, 71
Let u = 35 + -32. Suppose -r = u*r - m - 4, -r - 5*m = -22. Suppose j + 7 = -4*g, 2 = -0*j + r*j + 4*g. List the prime factors of j.
3
Let b = 22992 - 9028. What are the prime factors of b?
2, 3491
Let z = -10385 + 15542. List the prime factors of z.
3, 191
Suppose -3*i - 6 = -p, 2*p + 3*p + 25 = 4*i. Let t be (p/12)/((-7)/28). Suppose 21 = t*o - 108. List the prime factors of o.
43
Let t(l) = 50*l**2 + 5*l - 159. What are the prime factors of t(11)?
2, 3, 991
List the prime factors of (-1)/(-2)*(69513 + 25).
7, 4967
Let k = 86 + 267. Let x = -237 + k. List the prime factors of x.
2, 29
Suppose 0 = -2*t + 5*n + 109 + 56, 3*n - 173 = -2*t. Let a = t - 14. Let l = a - 46. List the prime factors of l.
5
Let b(w) = -159*w + 194. Let a(n) = 78*n - 97. Let u(g) = -9*a(g) - 4*b(g). List the prime factors of u(-6).
17, 29
Let d(p) = -11*p + 173. Let n be d(15). Suppose 0 = x + k - 517, 4*x - 5*k + n*k = 2063. What are the prime factors of x?
2
Suppose -63*p - 33780 = -322635. List the prime factors of p.
5, 7, 131
Let h = 4314 + -3880. List the prime factors of h.
2, 7, 31
What are the prime factors of (77/(-121))/(-7) + (-175820)/(-44)?
2, 3, 37
Let l = 72 + 4. Suppose -162 = -3*a + 2*b, -3*a - 3*b + 141 = 2*b. Let n = l - a. What are the prime factors of n?
2, 3
Suppose 3*y - 102299 = 5*l - 22683, 106149 = 4*y - l. What are the prime factors of y?
7, 17, 223
Suppose -3*d = 0, -5*d = 32*m - 36*m + 44496. List the prime factors of m.
2, 3, 103
Suppose -1220234 = -53*l - 17918 + 807232. List the prime factors of l.
2, 9479
Let p be 5239/65 - 3/5. Suppose -142 = -3*c + p. Let x = -1 + c. What are the prime factors of x?
73
Let q(a) = 4*a**3 - 14*a**2 + 9*a - 12. What are the prime factors of q(9)?
3, 617
Let t = -461 + 1219. What are the prime factors of ((-5 - -5) + t)*1?
2, 379
Suppose -1606605 = 126*d - 2883253 - 3445328. List the prime factors of d.
2, 3, 347
Let f(d) be the third derivative of -d**6/12 + d**4/4 + d**3/2 - 4*d**2 + 5. Let w = -3 - -1. List the prime factors of f(w).
71
Suppose -z = -5*w - 1596 - 11137, -3*w + 9 = 0. What are the prime factors of z?
2, 3187
Suppose -251*r + 255*r = -24. Let o(y) = 16*y**2 - 11*y - 79. List the prime factors of o(r).
563
Suppose -18*w = 12*w - 418859 - 232651. What are the prime factors of w?
3, 19, 127
List the prime factors of (60533/(-121))/(14/(-154)).
5503
Suppose 4*w - 49 = -13. Let o(v) = -v**2 + 23*v - 31. Let u be o(w). Suppose -2*l - u = -3*l + 5*t, -490 = -4*l - 2*t. What are the prime factors of l?
2, 3, 5
Let d(n) = -3152*n + 1392. What are the prime factors of d(-4)?
2, 5, 7
Suppose -1105*w + 1103*w + 4*b + 49064 = 0, 5*w - 3*b - 122660 = 0. What are the prime factors of w?
2, 6133
What are the prime factors of 26076 + -4 + 10/(-3)*99/(-55)?
2, 13, 17, 59
Let z(u) = -u**3 - 172*u + 5*u**2 - 24 + 349*u - 172*u - 14*u**2. List the prime factors of z(-12).
2, 3, 29
Let l be (0 - 46)*14/4*-11. Let m = l + -603. List the prime factors of m.
2, 73
Let p(n) = -11*n + 1821. What are the prime factors of p(33)?
2, 3
Let m(d) = 3*d**2 - d - 1. Let t be (-4 - -1)/(0 + -1). Let f be m(t). Let q = 42 + f. What are the prime factors of q?
5, 13
Let x = 550 + -499. What are the p